{"id":60,"date":"2018-07-26T13:41:22","date_gmt":"2018-07-26T11:41:22","guid":{"rendered":"http:\/\/grainedevie.ovh\/?page_id=60"},"modified":"2024-07-02T12:31:55","modified_gmt":"2024-07-02T10:31:55","slug":"faim-de-loup","status":"publish","type":"page","link":"https:\/\/compagniegrainedevie.fr\/?page_id=60","title":{"rendered":"Faim de loup &#8211; En Salle &#8211; En Tourn\u00e9e"},"content":{"rendered":"<h1 class=\"font_8\">\u00ab\u00a0Faim de Loup\u00a0\u00bb \/ \u00ab\u00a0Wolfed down !\u00a0\u00bb<\/h1>\n<p class=\"font_8\">Une mise en sc\u00e8ne d\u2019Ilka Sch\u00f6nbein<\/p>\n<p class=\"font_8\">Inspir\u00e9 du Petit Chaperon Rouge des fr\u00e8res Grimm<\/p>\n<p class=\"font_8\">Solo pour une com\u00e9dienne et tout un univers de marionnettes<\/p>\n<p class=\"font_8\">Tout public \u00e0 partir de 8 ans&nbsp;<!--more--><\/p>\n<p class=\"font_8\">Spectacle nomin\u00e9 aux Moli\u00e8res 2010 dans la cat\u00e9gorie \u00ab\u00a0Jeune public\u00a0\u00bb<\/p>\n<p><\/p>\n<p class=\"font_8\"><strong><em>Le spectacle existe en version anglaise et en version bilingue fran\u00e7ais\/LSF.<\/em><\/strong><\/p>\n<p><\/p>\n\n\n<p><em>Teaser de la version bilingue fran\u00e7ais\/Langue des Signes Francaise:<\/em><\/p>\n\n\n\n<figure class=\"wp-block-video\"><video controls src=\"http:\/\/compagniegrainedevie.fr\/wp-content\/uploads\/2021\/07\/Teaser-FR-LSF-Faim-de-Loup-1350178949.mp4\"><\/video><\/figure>\n\n\n<p><\/p>\n<h1 class=\"font_8\"><span class=\"wixGuard\">\u200b<\/span>Faim de loup<\/h1>\n<p class=\"font_8\">Le chaperon rouge ! Tout le monde conna\u00eet&#8230;. ou plut\u00f4t tout le monde croit conna\u00eetre. Plus que les versions de Perrault ou de Grimm, c&rsquo;est leurs ersatzs illustr\u00e9s qui viennent \u00e0 l&rsquo;esprit. Qui se souvient pourtant des versions orales, de ces r\u00e9cits mill\u00e9naires et internationaux qui renferment de v\u00e9ritables tr\u00e9sors initiatiques ? Si les fr\u00e8res Grimm nous ont montr\u00e9 la voie en r\u00e9v\u00e9lant du conte toute la puissance po\u00e9tique, retenons de Perrault la hardiesse, et des versions orales, le mordant. Le spectacle s&rsquo;inspire de ces chaperons-l\u00e0, qui nous parlent depuis toujours de la n\u00e9cessaire prise de risque de l&rsquo;enfant hors du giron maternel, de transgression, de rives dangereuses o\u00f9 la candeur peut s&rsquo;ab\u00eemer, de transmission interg\u00e9n\u00e9rationnelle&#8230; C&rsquo;est donc un conte de la transformation, celle de l&rsquo;enfant en adulte, celle de l&rsquo;\u00eatre en devenir, celle de tous ceux qui questionnent leur vie&#8230; Ainsi aux interrogations pos\u00e9es par le conte \u00ab\u00a0O\u00f9 vas-tu?\u00a0\u00bb, \u00ab\u00a0Quel chemin prends-tu?\u00a0\u00bb, \u00ab\u00a0Qui es l\u00e0?\u00a0\u00bb r\u00e9sonnent d&rsquo;autres \u00e9chos. Notre chaperon \u00e0 nous est tout blanc. C\u2019est une petite fille moderne, clown na\u00eff, qui, pour \u00e9chapper au carcan de superficialit\u00e9 dans lequel elle \u00e9volue, plonge avidement dans l\u2019histoire du chaperon rouge. Ce n&rsquo;est qu&rsquo;en s&rsquo;\u00e9cartant du chemin tout trac\u00e9, celui d&rsquo;un confortable et \u00e9touffant conformisme, que s&rsquo;ouvriront alors d&rsquo;autres couleurs, rouge comme le danger, rouge comme la r\u00e9volte, noir comme le d\u00e9sespoir et la mort, rouge comme l&rsquo;amour&#8230; Comme une palette pour tracer son propre destin. En p\u00e9n\u00e9trant ce monde merveilleux et terrifiant, la petite fille se fond dans le conte et le conte se fond en elle, dans un corps \u00e0 corps avec les marionnettes. Tous les personnages r\u00e9l\u00e8lent alors les forces contradictoires qui s\u2019affrontent \u00e0 l\u2019aube de l\u2019adolescence. Conte cruel, conte na\u00eff, conte de sagesse, d\u2019initiation, de transformation, r\u00eave, cauchemar?&nbsp;Faim de loup&nbsp;est tout cela \u00e0 la fois.<\/p>\n<p class=\"font_8\">Ilka Sch\u00f6nbein :&nbsp;Mise en sc\u00e8ne<br>Laurie Cannac :&nbsp;Conception, interpr\u00e9tation et manipulation<br>Laurie Cannac, Ilka Sch\u00f6nbein et Serge Lucas :&nbsp;Marionnettes<br>Serge Lucas :&nbsp;Sc\u00e9nographie et R\u00e9gie<br>Fran\u00e7ois Olivier, Guy Pothier et Claire Moutarde :&nbsp;Son<br>Luc Mesnier-Pierroutet, S\u00e9bastien Choriol :&nbsp;Lumi\u00e8re<br>Nathalie Pagnac :&nbsp;Assistanat \u00e0 la mise en sc\u00e8ne<br>C\u00e9line Chatelain :&nbsp;Travail Clownesque<br>Laurie Cannac, Isabelle Guyot, Nicolas Dufour :&nbsp;Voix off<br>Serge Lucas :&nbsp;Musique<\/p>\n<h1 class=\"font_8\">Production \/ Coproduction<\/h1>\n<p class=\"font_8\">Theater Meschugge, Arcadi, Th\u00e9\u00e2tre de l\u2019Espace &#8211; Sc\u00e8ne Nationale de Besan\u00e7on, Avec le soutien de L\u2019Institut International de la Marionnette de Charleville-M\u00e9zi\u00e8res, de la DMDTS (aide \u00e0 la maquette), de la DRAC de Franche Comt\u00e9, du Conseil r\u00e9gional de Franche Comt\u00e9, du Conseil g\u00e9n\u00e9ral du Doubs, de la Ville de Besan\u00e7on et l\u2019aide de L&rsquo;Arche de Bethoncourt, du CREAM de Dives sur Mer, de Sc\u00e8nes du Jura, de la Ville de Paris, de la R\u00e9gion Ile de France et de la Mairie du 18\u00e8me.<\/p>\n<p><\/p>\n\n\n<p><\/p>\n\n\n<p><\/p>\n<h1 class=\"font_4\">Historique des lieux de repr\u00e9sentations de Faim de Loup.<\/h1>\n<p class=\"font_8\">Pr\u00e8s de 450 dates en tourn\u00e9es :<br>La Maison de l\u2019art et de la communication de Sallaumines, Festival Marionnettes en jardin de Charleville M\u00e9zi\u00e8res, Festival de marionnettes de Dives-sur-Mer, Festival Marionnettes en Campagne du Th\u00e9\u00e2tre du Gros Bonhomme, Th\u00e9\u00e2tre du Fon du loup de Carves, l\u2019Odyss\u00e9e de P\u00e9rigueux, Th\u00e9\u00e2tre de Perpignan, La Grande Ourse \u00e0 Villeneuve l\u00e8s Maguelone, Festival Contes Givr\u00e9s en bourgogne, L\u2019Arche de B\u00e9thoncourt, le Th\u00e9\u00e2tre du Fon de Loup de Carves, l\u2019Agora de Pau, Th\u00e9\u00e2tre d\u2019Oloron Sainte Marie, Th\u00e9\u00e2tre de Guingamp, Th\u00e9\u00e2tre Ath\u00e9na d\u2019Auray, Maison du Th\u00e9\u00e2tre de Brest, le Quai d\u2019Angers, Th\u00e9\u00e2tres en Drac\u00e9nie de Draguignan, Th\u00e9\u00e2tre d\u2019Istres, Saison Jeune Public de Nanterre, Centre Culturel de Persan, ABC Dijon et CDN de Dijon, Espace 600 de Grenoble, Sc\u00e8ne Nationale de Fecamp, Centre Culturel de Massy, Centre Culturel de Sevran, Espace Jean Vilar de Ifs, Th\u00e9\u00e2tre d\u2019Amiens, Centre Pablo Picasso d\u2019Hom\u00e9court, Sc\u00e8ne Nationale de Grasse, Salle Notre Dame de Salins les Bains, Le strapontin de Pont-Scorff, Festival du Val d\u2019Oise (Taverny, Vaur\u00e9al, Herblay, Cormeilles en Parisis, Saint-Gratien), Centre Culturel d\u2019Urrugne, Carr\u00e9 des Jalles de Blanquefort, Th\u00e9\u00e2tre d\u2019Arles, Dyonysos de Cahors, Cin\u00e9ma Georges Boyer de Figeac, Odyssud de Blagnac, Th\u00e9\u00e2tre de Laval et de Craon, Sc\u00e8ne Nationale de Gap, Th\u00e9\u00e2tre de Veulin \u00e0 Bourgoin-Jallieu, Festival de la marionnette \u00e0 Grenoble, Th\u00e9\u00e2tre de Corbeil-Essonnes, Le Salmanazar d\u2019Epernay, Th\u00e9\u00e2tre Jean-Arp de Clamart, Le Samovar de Bagnolet, Le Carr\u00e9 Amelot de La Rochelle, Le Forum du Blanc Mesnil, Le Point d\u2019eau d\u2019Ostwald, Le Cheval Blanc de Schiltigheim. Copenhagen au Danemark, Festival Id\u00e9klic, Festival de Mirepoix, L\u2019espace Malraux de Jou\u00e9-l\u00e8s-Tours, Le mail de Soissons, S\u00e9oul en Cor\u00e9e du Sud, Th\u00e9\u00e2tre de Langres, Th\u00e9\u00e2tre Jean Vilar de Champigny sur Marne, Salle jean Carm\u00e9 d\u2019Allonnes, Le Fanal de Saint-Nazaire, Le moulin du roc de Niort, Les treize arches de Brive, Le Ch\u00e2teau rouge d\u2019Annemasse, Helsinki en Finlande, Kaposvar en Hongrie, Festival de Phalsbourg, Festival Confluences d\u2019Avoine, La Com\u00e9die de Saint Etienne, Centre Culturel de Ramonville, Th\u00e9\u00e2tre Royal de Copenhaguen, Grand T de Nantes, Mus\u00e9e d\u2019Orsay.<\/p>\n<p><\/p>\n\n\n<p><\/p>\n\n\n\n<p><strong>Calendrier des repr\u00e9sentations :<\/strong><\/p>\n\n\n\n<p style=\"line-height:1.6\">THIS YEAR <strong><em>ABOARD:<\/em><\/strong><\/p>\n\n\n\n<p style=\"line-height:1.1\"> <span class=\"has-inline-color has-vivid-red-color\"><strong><em>10 &amp; 11 juillet. 2024<\/em><\/strong> <\/span> <span class=\"has-inline-color has-vivid-red-color\">Wolfed Down<\/span> <a href=\"https:\/\/www.afdhaka.org\/project\/wolfed-down-2\/\">at the Alliance Fran\u00e7aise of Dhaka <\/a>&#8211; <strong>BANGLADESH<\/strong><\/p>\n\n\n\n<p style=\"line-height:1\"> <span class=\"has-inline-color has-vivid-red-color\"><strong><em>6 sept. 2024<\/em><\/strong> <\/span> <span class=\"has-inline-color has-vivid-red-color\">Wolfed Down<\/span> at the Alliance Fran\u00e7aise of Delhi &#8211;<strong>             INDIA<\/strong><\/p>\n\n\n\n<p class=\"has-text-align-left\" style=\"line-height:1\"><\/p>\n\n\n\n<p style=\"line-height:1\"> <span class=\"has-inline-color has-vivid-red-color\"><strong><em>16 &amp; 17 sept. 2024<\/em><\/strong> <\/span> <span class=\"has-inline-color has-vivid-red-color\">Wolfed Down<\/span>  at the <strong>BIPF -Beijing International Puppet Festival<\/strong>&#8211;  <strong>C<em>HINA.<\/em><\/strong><\/p>\n\n\n\n<p><\/p>\n\n\n\n<p><\/p>\n\n\n\n<p><\/p>\n\n\n\n<p><\/p>\n\n\n\n<div data-wp-interactive=\"core\/file\" class=\"wp-block-file\"><object data-wp-bind--hidden=\"!state.hasPdfPreview\"  class=\"wp-block-file__embed\" data=\"http:\/\/compagniegrainedevie.fr\/wp-content\/uploads\/2020\/07\/Dossier-Faim-De-Loup-LSF-2019-web.pdf\" type=\"application\/pdf\" style=\"width:100%;height:600px\" aria-label=\"Contenu embarqu\u00e9 Contenu embarqu\u00e9 Dossier Faim De Loup LSF 2019 web..\"><\/object><a href=\"http:\/\/compagniegrainedevie.fr\/wp-content\/uploads\/2020\/07\/Dossier-Faim-De-Loup-LSF-2019-web.pdf\">Dossier Faim De Loup LSF 2019 web<\/a><a href=\"http:\/\/compagniegrainedevie.fr\/wp-content\/uploads\/2020\/07\/Dossier-Faim-De-Loup-LSF-2019-web.pdf\" class=\"wp-block-file__button\" download>T\u00e9l\u00e9charger<\/a><\/div>\n","protected":false},"excerpt":{"rendered":"<p>\u00ab\u00a0Faim de Loup\u00a0\u00bb \/ \u00ab\u00a0Wolfed down !\u00a0\u00bb Une mise en sc\u00e8ne d\u2019Ilka Sch\u00f6nbein Inspir\u00e9 du Petit Chaperon Rouge des fr\u00e8res Grimm Solo pour une com\u00e9dienne et tout un univers de marionnettes Tout public \u00e0 partir de 8 ans&nbsp;<\/p>\n","protected":false},"author":1,"featured_media":0,"parent":2,"menu_order":2,"comment_status":"closed","ping_status":"closed","template":"","meta":{"footnotes":""},"_links":{"self":[{"href":"https:\/\/compagniegrainedevie.fr\/index.php?rest_route=\/wp\/v2\/pages\/60"}],"collection":[{"href":"https:\/\/compagniegrainedevie.fr\/index.php?rest_route=\/wp\/v2\/pages"}],"about":[{"href":"https:\/\/compagniegrainedevie.fr\/index.php?rest_route=\/wp\/v2\/types\/page"}],"author":[{"embeddable":true,"href":"https:\/\/compagniegrainedevie.fr\/index.php?rest_route=\/wp\/v2\/users\/1"}],"replies":[{"embeddable":true,"href":"https:\/\/compagniegrainedevie.fr\/index.php?rest_route=%2Fwp%2Fv2%2Fcomments&post=60"}],"version-history":[{"count":23,"href":"https:\/\/compagniegrainedevie.fr\/index.php?rest_route=\/wp\/v2\/pages\/60\/revisions"}],"predecessor-version":[{"id":767,"href":"https:\/\/compagniegrainedevie.fr\/index.php?rest_route=\/wp\/v2\/pages\/60\/revisions\/767"}],"up":[{"embeddable":true,"href":"https:\/\/compagniegrainedevie.fr\/index.php?rest_route=\/wp\/v2\/pages\/2"}],"wp:attachment":[{"href":"https:\/\/compagniegrainedevie.fr\/index.php?rest_route=%2Fwp%2Fv2%2Fmedia&parent=60"}],"curies":[{"name":"wp","href":"https:\/\/api.w.org\/{rel}","templated":true}]}}